e the remainder when 10805175 is divided by 207.
189
What is the remainder when 968674 is divided by 291?
226
What is the remainder when 383052 is divided by 63824?
108
What is the remainder when 51982 is divided by 6649?
5439
Calculate the remainder when 370135357 is divided by 33.
31
What is the remainder when 1465548 is divided by 14981?
12391
Calculate the remainder when 116255133 is divided by 58127566.
1
Calculate the remainder when 1265916 is divided by 90314.
1520
What is the remainder when 218721 is divided by 1677?
711
What is the remainder when 3186570 is divided by 640?
10
What is the remainder when 643507918 is divided by 165?
163
What is the remainder when 89720 is divided by 1292?
572
What is the remainder when 140493 is divided by 8214?
855
What is the remainder when 1376941 is divided by 1008?
13
Calculate the remainder when 645946 is divided by 7098.
28
Calculate the remainder when 5809575 is divided by 556.
487
Calculate the remainder when 9904845 is divided by 2049.
2028
Calculate the remainder when 2627509 is divided by 750.
259
What is the remainder when 172839 is divided by 42385?
3299
Calculate the remainder when 853512 is divided by 12018.
234
What is the remainder when 25884862 is divided by 8628287?
1
Calculate the remainder when 1258173 is divided by 1915.
18
Calculate the remainder when 593759 is divided by 305.
229
What is the remainder when 461585 is divided by 2077?
491
What is the remainder when 54780 is divided by 53457?
1323
What is the remainder when 45755254 is divided by 186?
184
What is the remainder when 22911828 is divided by 373?
303
Calculate the remainder when 2917158 is divided by 573.
15
Calculate the remainder when 4850358 is divided by 2906.
244
What is the remainder when 143213 is divided by 443?
124
What is the remainder when 126270899 is divided by 4?
3
What is the remainder when 8846 is divided by 155?
11
Calculate the remainder when 50907859 is divided by 9.
7
Calculate the remainder when 4113148 is divided by 51.
49
Calculate the remainder when 1639722 is divided by 38.
22
What is the remainder when 2834475 is divided by 40491?
105
Calculate the remainder when 6020292 is divided by 1221.
762
What is the remainder when 2382911 is divided by 397149?
17
What is the remainder when 1885900 is divided by 8?
4
Calculate the remainder when 4108647 is divided by 821703.
132
Calculate the remainder when 14578494 is divided by 15.
9
Calculate the remainder when 204552 is divided by 689.
608
Calculate the remainder when 25370 is divided by 9676.
6018
Calculate the remainder when 9604883 is divided by 436585.
13
Calculate the remainder when 1769949 is divided by 35.
34
What is the remainder when 2848525 is divided by 1560?
1525
Calculate the remainder when 477693929 is divided by 19.
14
Calculate the remainder when 156237659 is divided by 36.
35
Calculate the remainder when 1492034 is divided by 25.
9
What is the remainder when 398174 is divided by 6437?
5517
What is the remainder when 972091 is divided by 275?
241
Calculate the remainder when 41936107 is divided by 157.
151
Calculate the remainder when 616801 is divided by 27978.
1285
Calculate the remainder when 1205543 is divided by 6967.
252
Calculate the remainder when 4969225 is divided by 944.
9
What is the remainder when 2050410 is divided by 410063?
95
What is the remainder when 2450938 is divided by 136161?
40
Calculate the remainder when 106566 is divided by 26270.
1486
Calculate the remainder when 839650 is divided by 6313.
21
Calculate the remainder when 16843100 is divided by 173.
166
What is the remainder when 5726714 is divided by 1280?
1274
Calculate the remainder when 297469 is divided by 1005.
994
What is the remainder when 4266875 is divided by 1066697?
87
Calculate the remainder when 2925051 is divided by 92.
3
Calculate the remainder when 707505 is divided by 175836.
4161
What is the remainder when 886304 is divided by 266?
258
Calculate the remainder when 5757673 is divided by 1071.
1048
Calculate the remainder when 171750 is divided by 10609.
2006
Calculate the remainder when 98528 is divided by 31169.
5021
Calculate the remainder when 677844 is divided by 367.
362
What is the remainder when 65793 is divided by 3690?
3063
What is the remainder when 33091334 is divided by 2785?
2749
What is the remainder when 7355387 is divided by 17?
14
Calculate the remainder when 31368 is divided by 15630.
108
Calculate the remainder when 13370854 is divided by 4841.
12
What is the remainder when 1157253 is divided by 217?
209
What is the remainder when 83961566 is divided by 16?
14
Calculate the remainder when 2764494 is divided by 691119.
18
What is the remainder when 926054 is divided by 188?
154
What is the remainder when 16678496 is divided by 13?
3
What is the remainder when 448605 is divided by 21305?
1200
Calculate the remainder when 1632363 is divided by 940.
523
Calculate the remainder when 986892 is divided by 490853.
5186
What is the remainder when 743082 is divided by 418?
296
Calculate the remainder when 377203 is divided by 117.
112
Calculate the remainder when 67829780 is divided by 202.
200
What is the remainder when 73641 is divided by 2225?
216
Calculate the remainder when 83339851 is divided by 41669922.
7
What is the remainder when 1060307 is divided by 714?
17
Calculate the remainder when 3754435 is divided by 280.
195
What is the remainder when 2879768 is divided by 221515?
73
Calculate the remainder when 2343524 is divided by 695.
679
Calculate the remainder when 1129538 is divided by 4890.
4838
What is the remainder when 34703398 is divided by 60?
58
What is the remainder when 17016399 is divided by 11?
4
What is the remainder when 738276 is divided by 56429?
4699
Calculate the remainder when 1874298 is divided by 36.
30
What is the remainder when 62776 is divided by 5181?
604
What is the remainder when 1939703 is divided by 23?
21
Calculate the remainder when 37595 is divided by 18758.
79
Calculate the remainder when 1598672 is divided by 63905.
1047
Calculate the remainder when 392118713 is divided by 39.
38
What is the remainder when 679873 is divided by 10?
3
What is the remainder when 32437374 is divided by 119?
116
Calculate the remainder when 147743 is divided by 897.
635
What is the remainder when 634314 is divided by 631306?
3008
What is the remainder when 17905363 is divided by 55?
3
What is the remainder when 297637 is divided by 99140?
217
What is the remainder when 1642550 is divided by 1753?
1742
Calculate the remainder when 1391835 is divided by 434.
431
What is the remainder when 340340 is divided by 174?
170
What is the remainder when 89635 is divided by 14884?
331
Calculate the remainder when 226507637 is divided by 8.
5
What is the remainder when 5267726 is divided by 658465?
6
Calculate the remainder when 10236929 is divided by 832.
1
What is the remainder when 9783682 is divided by 752590?
12
What is the remainder when 531096 is divided by 177025?
21
Calculate the remainder when 10758630 is divided by 1793103.
12
What is the remainder when 4188692 is divided by 176?
68
Calculate the remainder when 18211006 is divided by 509.
4
What is the remainder when 4622959 is divided by 1148?
1111
Calculate the remainder when 3310932 is divided by 367876.
48
Calculate the remainder when 97880322 is divided by 2127833.
4
What is the remainder when 1602281 is divided by 1588?
1577
What is the remainder when 4365077 is divided by 4365075?
2
Calculate the remainder when 106568 is divided by 333.
8
Calculate the remainder when 43546 is divided by 10193.
2774
Calculate the remainder when 992372 is divided by 506.
106
What is the remainder when 437467685 is divided by 14?
11
Calculate the remainder when 58944 is divided by 5894.
4
What is the remainder when 5458286 is divided by 25506?
2
What is the remainder when 392927 is divided by 65?
2
What is the remainder when 93105 is divided by 561?
540
What is the remainder when 5319488 is divided by 889?
601
Calculate the remainder when 106909 is divided by 8833.
913
What is the remainder when 1223680924 is divided by 10037?
10032
Calculate the remainder when 18381484 is divided by 919074.
4
What is the remainder when 9206909 is divided by 236074?
23
What is the remain